i.
233
Suppose -4*x - 80 = 4*f, -60 = 3*x + 5*f + 4. What are the prime factors of 236/9 - x/(-81)?
2, 13
Let c be -34 + 3/(-1)*(-6)/(-18). Let o = c + 54. What are the prime factors of o?
19
Let n(y) be the first derivative of -2*y + 4*y - 6*y**2 + 2 + 3. What are the prime factors of n(-3)?
2, 19
Let p = -2556 + 3958. What are the prime factors of p?
2, 701
Let c(g) = 2*g**2 - 4*g - 2. Let b be c(4). Let l = b - -4. List the prime factors of 1/((l/20)/9).
2, 5
Suppose 6*a = 11*a - 30. Let l be (3 - 14/a)*6. Suppose l*x - 213 = -37. List the prime factors of x.
2, 11
List the prime factors of 2/(13776/(-2298) + 6).
383
Let n(y) = -y**3 + 19*y**2 - 18*y. Let g be n(18). Let u(f) = -f**3 + 2*f**2 - f + 85. List the prime factors of u(g).
5, 17
Let r(t) = -t**3 - t**2 + t + 4. Let n be r(0). Suppose n*y = 3*b - 739 - 18, 3*y = -5*b + 1310. List the prime factors of b.
7, 37
Suppose 0 = 4*c - 1054 - 346. List the prime factors of c.
2, 5, 7
List the prime factors of 1/4 + (-4693)/(-76).
2, 31
Let r(m) = -3*m - 15. Let k(c) = -c + 9. Let y be k(16). Let i be r(y). List the prime factors of (i/(-4))/((-27)/126).
7
Let b(z) be the third derivative of z**5/60 + 5*z**4/24 - z**3/3 - 3*z**2. Let o(p) be the first derivative of b(p). List the prime factors of o(0).
5
Let j be -7 - (3 - (2 + -1)). Let h(v) = 3*v**2 - 3*v + 6. Let r be h(j). List the prime factors of ((-1)/(-3))/(2/r).
2, 23
Suppose 129*g - 130*g + 1313 = 0. What are the prime factors of g?
13, 101
Let j(b) be the second derivative of b**5/10 - b**4/4 - 2*b**3/3 - b**2 - b. Suppose 4*u - 4 = 3*o, -2*o + 1 + 11 = u. What are the prime factors of j(o)?
2, 31
Let o(y) = -y**3 + 6*y**2 + 10*y - 16. Suppose 29 = 3*g + 4*r, g - 3*r = r - 1. What are the prime factors of o(g)?
5
Let b(y) = -y**3 + 18*y**2 - 12*y - 69. What are the prime factors of b(14)?
547
Let a(q) = -31*q + 549. What are the prime factors of a(-6)?
3, 5, 7
Let r be (-16)/6 - (-14)/(-42). Let m be (7 - r) + 4/2. Let s = m + -5. List the prime factors of s.
7
Suppose 2*o - o - 4*x = 776, 777 = o - 3*x. List the prime factors of o.
2, 3, 5, 13
Let r = -212 + 338. Let y = r + -83. List the prime factors of y.
43
Suppose 0 = 2*w - 5*d - 4700, 5*w + 6*d - 8*d - 11708 = 0. What are the prime factors of w?
2, 3, 5, 13
Suppose -5*v + 5199 = -76. Suppose 2*p + 3*p = v. List the prime factors of p.
211
List the prime factors of (-7)/((-28)/36) - -80.
89
Let n = 26 - 28. What are the prime factors of (465/n)/((-9)/12)?
2, 5, 31
Let g = 9 - 7. Suppose -g*x = 3*x - 25, 3*x = 3*i + 21. What are the prime factors of 105/6 + i/(-4)?
2, 3
Let n(d) = -2 - 1 + 4 + d + 0*d. Let l(t) = 2*t**3 - 4*t**2 + 2*t + 2. Let r be l(2). List the prime factors of n(r).
7
Let x = -11 + -6. What are the prime factors of ((-3)/3 - x)/2?
2
Let h(t) = -t**2 + 8. Let v be h(2). Suppose -5*m = w - 871, -v*m - 4*w = -8*w - 716. What are the prime factors of m?
5, 7
Let s(b) = 37*b - 260. Let q be s(7). Let f(h) be the second derivative of -h**5/10 - h**4/12 - h**3/3 - h**2/2 + h. What are the prime factors of f(q)?
2
Suppose 2*q - 3*a = -19, -5*q - 16 = 6*a - 3*a. List the prime factors of 8*6 + (q - -2).
3, 5
Let z(n) = n**2 + 5*n - 3. List the prime factors of z(8).
101
Let c be (1*9/(-3))/3. List the prime factors of c/((-712)/237 - -3).
3, 79
Suppose -8 + 14 = -z. Let d(r) = -12*r - 10. Let y be d(z). Suppose 65*a - 111 = y*a. List the prime factors of a.
37
Suppose 20*c - 1747 = 10113. What are the prime factors of c?
593
Suppose -8*q + 5922 - 866 = 0. List the prime factors of q.
2, 79
Let m(g) = -31*g - 1. Let x be m(4). Let t = -20 - x. What are the prime factors of t?
3, 5, 7
List the prime factors of 2 + (-90)/(-10) + 1307.
2, 659
Let i be (-18)/5*(-2000)/24. Suppose -2*d - 2*b + i = 0, -d - 4*d + 780 = -5*b. What are the prime factors of d?
3, 17
Suppose -41*y = -39*y + 10. List the prime factors of (y + 2)*(-19)/3.
19
Let v(m) = 2*m**2 - m - 5. Let l be v(-7). Suppose 0 = -4*y + 80 + l. What are the prime factors of y?
3, 5
Suppose 0 = 26*j + 39*j - 398645. What are the prime factors of j?
6133
Suppose 5*y + 2*f - 493 = 11542, 3*y = 3*f + 7200. What are the prime factors of y?
5, 13, 37
Suppose 3*i - 56 = -2*b - 178, -4*b + 3*i = 226. Let p = -19 - b. List the prime factors of p.
3, 13
Suppose 0*a - 260 = -13*a. Suppose -a*t + 263 = -19*t. List the prime factors of t.
263
Suppose 0 = -2*u - 4*y + 546, -2*u - y = 63 - 624. Let z = 480 - u. List the prime factors of z.
197
Suppose 0 = -l - l + 192. Suppose 0*c - 332 = -3*r - c, 0 = r + 4*c - l. Suppose 0*b - b = 0, 4*b = -2*u + r. List the prime factors of u.
2, 7
Let x(i) = i**2 + 11*i + 47. List the prime factors of x(-21).
257
Let a(t) = t**3 - t**2 - t + 8. Suppose -9*w = -6*w - 12. List the prime factors of a(w).
2, 13
Let t(v) = -41*v + 18. List the prime factors of t(0).
2, 3
Let p(m) = -636*m + 31. List the prime factors of p(-8).
5119
Suppose -d + 80 = 8. Suppose -2*s - 5*l = -36, 0*l = -4*s - 4*l + d. Suppose k + 0 - s = 0. List the prime factors of k.
2, 3
List the prime factors of (-2)/(-6) + 5 + (-6400)/(-15).
2, 3
Let w(n) = 13*n**2 - 9*n - 33. Let o be w(6). Suppose 3*m + o = 6*m. List the prime factors of m.
127
Suppose 0 = -3*f + 2*n + 1736, 3*n = -3*f + 4*f - 574. What are the prime factors of f?
2, 5, 29
Suppose 5*x = -5*r - 1225, 791 = -5*x - r - 422. Let w = 356 + x. List the prime factors of w.
2, 3, 19
Let o = -54 + 50. What are the prime factors of (-745)/o - 1*3/12?
2, 3, 31
Let t = -24 - -34. Suppose 5*r - 458 = 242. Suppose -t*q = -14*q + r. What are the prime factors of q?
5, 7
Let w = 851 - 413. What are the prime factors of w?
2, 3, 73
Let g = -224 - -427. What are the prime factors of g?
7, 29
Suppose -19 + 4 = -5*g. Let b(a) = 14*a + 1. Let z be b(g). Suppose z = 4*y + 7. What are the prime factors of y?
3
Suppose -4*g + 4*l = -620, 0*l = -5*g + 3*l + 769. What are the prime factors of g?
2, 19
Suppose -3*w = 2*h - 2750, -2*w + 1294 = h - 540. List the prime factors of w.
2, 3, 17
Suppose -y - 4*y - 130 = 0. Let t = -26 - y. Suppose -192 = -4*n - t*n. List the prime factors of n.
2, 3
Let w = 19 + -15. Suppose 3*h - 5*h - w*k + 6 = 0, -4*h = -4*k - 12. List the prime factors of h - (-2 - (35 - -1)).
41
Let n(i) = 2*i**2 - 29*i - 75. List the prime factors of n(36).
3, 491
Suppose -4*h = -31*h + 23274. What are the prime factors of h?
2, 431
Let x be (-273)/7*1/3. Let n(i) be the third derivative of -i**6/120 - i**5/5 + 13*i**4/24 + 8*i**3/3 + 3*i**2. What are the prime factors of n(x)?
2
Let g(w) = -8*w + 2. Let a be g(3). Let r be 121/a - (-1)/2. Let l = 26 + r. List the prime factors of l.
3, 7
Suppose 5831 = -594*q + 601*q. What are the prime factors of q?
7, 17
Let w = -85 + 155. What are the prime factors of 512/5*2 - (-14)/w?
5, 41
Let x(u) = -70*u + 314. List the prime factors of x(-16).
2, 3, 239
Let z = -1948 - -2773. Suppose -8*h - z = -11*h. List the prime factors of h.
5, 11
Suppose 0 = q - 5*g - 288, 5*g = q - 5*q + 1052. List the prime factors of q.
2, 67
Let v = -1 - 1. Let j be (-145)/(-25) - (12/15)/(-4). Let y = j + v. What are the prime factors of y?
2
Let g(u) = 10*u + 4. Let a be g(2). Let x = a - -12. What are the prime factors of x?
2, 3
Let o(d) = -4*d - 10. Let i be o(-3). Let l(a) = -a**2 + 7*a - 2. Let v be l(7). What are the prime factors of (i - (-11)/v)*-10?
5, 7
Suppose 5*h + 2 + 2 = k, 2*h + 16 = 4*k. What are the prime factors of ((-9)/12)/(k/(-240))?
3, 5
List the prime factors of 4 + 7 + -15 - 1093*-1.
3, 11
Let g = 29 + -32. List the prime factors of (3 - 1)/(2/(-108)*g).
2, 3
Suppose z = -2*y - 85, 3*z + 328 = -z - 5*y. Let l = 173 + z. List the prime factors of l.
2, 3
List the prime factors of 1 + 1358 + 159/(-53).
2, 3, 113
Let c(g) = -g**2 + 11*g - 11. Let k be c(10). Let m = -4 + 10. What are the prime factors of ((-10)/m)/(k/9)?
3, 5
Suppose j = 5*l - 15279, 2*l + 9167 = 5*l - j. List the prime factors of l.
2, 191
Suppose 0 = -3*r + 9. Let j = 42 - 37. Suppose 2*d - 4*l - 49 = -j*l, -4*l = -r*d + 90. List the prime factors of d.
2, 13
Let p = 3 - -6. Let q = -7 + p. Suppose q*g = -11 + 39. List the prime factors of g.
2, 7
Let c = -722 + 1751. What are the prime factors of c?
3, 7
Let r(w) = 477*w - 569. What are the prime fac